at are the prime factors of 483?
3, 7, 23
List the prime factors of 1235.
5, 13, 19
List the prime factors of 17050.
2, 5, 11, 31
What are the prime factors of 2363?
17, 139
List the prime factors of 3129.
3, 7, 149
List the prime factors of 22362.
2, 3, 3727
What are the prime factors of 271?
271
What are the prime factors of 1266?
2, 3, 211
List the prime factors of 21870.
2, 3, 5
List the prime factors of 2486.
2, 11, 113
What are the prime factors of 67?
67
List the prime factors of 9437.
9437
List the prime factors of 2911.
41, 71
What are the prime factors of 241?
241
List the prime factors of 11344.
2, 709
List the prime factors of 167612.
2, 41903
What are the prime factors of 910?
2, 5, 7, 13
What are the prime factors of 8110?
2, 5, 811
What are the prime factors of 4264?
2, 13, 41
List the prime factors of 30229.
19, 37, 43
List the prime factors of 57705.
3, 5, 3847
List the prime factors of 2167.
11, 197
List the prime factors of 87642.
2, 3, 541
List the prime factors of 3846.
2, 3, 641
List the prime factors of 4316.
2, 13, 83
List the prime factors of 6402.
2, 3, 11, 97
List the prime factors of 124.
2, 31
What are the prime factors of 46607?
11, 19, 223
What are the prime factors of 191?
191
List the prime factors of 9690.
2, 3, 5, 17, 19
List the prime factors of 3360.
2, 3, 5, 7
List the prime factors of 252.
2, 3, 7
What are the prime factors of 25186?
2, 7, 257
What are the prime factors of 23689?
23689
List the prime factors of 2657.
2657
What are the prime factors of 90057?
3, 11, 2729
List the prime factors of 199.
199
List the prime factors of 1104.
2, 3, 23
What are the prime factors of 5506?
2, 2753
List the prime factors of 932.
2, 233
List the prime factors of 12206.
2, 17, 359
What are the prime factors of 128436?
2, 3, 7, 11, 139
List the prime factors of 23515.
5, 4703
What are the prime factors of 4756?
2, 29, 41
List the prime factors of 13876.
2, 3469
List the prime factors of 111400.
2, 5, 557
List the prime factors of 4292.
2, 29, 37
List the prime factors of 339.
3, 113
What are the prime factors of 53002?
2, 26501
What are the prime factors of 25404?
2, 3, 29, 73
List the prime factors of 7418.
2, 3709
List the prime factors of 1213.
1213
List the prime factors of 42603.
3, 11, 1291
What are the prime factors of 1243?
11, 113
What are the prime factors of 6253?
13, 37
What are the prime factors of 89072?
2, 19, 293
What are the prime factors of 12231?
3, 151
What are the prime factors of 77241?
3, 25747
List the prime factors of 1416.
2, 3, 59
List the prime factors of 721.
7, 103
What are the prime factors of 765?
3, 5, 17
List the prime factors of 81075.
3, 5, 23, 47
What are the prime factors of 227?
227
List the prime factors of 99963.
3, 29, 383
What are the prime factors of 635?
5, 127
What are the prime factors of 1226?
2, 613
What are the prime factors of 69311?
11, 6301
What are the prime factors of 8144?
2, 509
List the prime factors of 3477.
3, 19, 61
What are the prime factors of 3676?
2, 919
List the prime factors of 6743.
11, 613
What are the prime factors of 16275?
3, 5, 7, 31
What are the prime factors of 412?
2, 103
List the prime factors of 1877.
1877
List the prime factors of 2801.
2801
List the prime factors of 3927.
3, 7, 11, 17
List the prime factors of 29594.
2, 14797
List the prime factors of 4962.
2, 3, 827
List the prime factors of 8950.
2, 5, 179
What are the prime factors of 2378?
2, 29, 41
What are the prime factors of 26281?
41, 641
What are the prime factors of 6394?
2, 23, 139
What are the prime factors of 32191?
32191
List the prime factors of 46316.
2, 11579
List the prime factors of 765.
3, 5, 17
What are the prime factors of 2044?
2, 7, 73
What are the prime factors of 9625?
5, 7, 11
List the prime factors of 13930.
2, 5, 7, 199
What are the prime factors of 3834?
2, 3, 71
What are the prime factors of 13220?
2, 5, 661
List the prime factors of 1426.
2, 23, 31
What are the prime factors of 828?
2, 3, 23
List the prime factors of 14591.
14591
What are the prime factors of 7930?
2, 5, 13, 61
What are the prime factors of 768?
2, 3
List the prime factors of 21035.
5, 7, 601
What are the prime factors of 4590?
2, 3, 5, 17
What are the prime factors of 13518?
2, 3, 751
What are the prime factors of 16241?
109, 149
What are the prime factors of 33542?
2, 31, 541
List the prime factors of 1878.
2, 3, 313
What are the prime factors of 59547?
3, 23, 863
List the prime factors of 12248.
2, 1531
What are the prime factors of 783?
3, 29
List the prime factors of 25507.
23, 1109
List the prime factors of 1140.
2, 3, 5, 19
What are the prime factors of 47559?
3, 83, 191
List the prime factors of 1089.
3, 11
What are the prime factors of 1587?
3, 23
What are the prime factors of 6052?
2, 17, 89
List the prime factors of 9866.
2, 4933
List the prime factors of 64169.
7, 89, 103
What are the prime factors of 93403?
23, 31, 131
List the prime factors of 417.
3, 139
List the prime factors of 8472.
2, 3, 353
List the prime factors of 1947.
3, 11, 59
What are the prime factors of 13210?
2, 5, 1321
List the prime factors of 6607.
6607
List the prime factors of 83329.
23, 3623
What are the prime factors of 13456?
2, 29
What are the prime factors of 59804?
2, 14951
List the prime factors of 24270.
2, 3, 5, 809
What are the prime factors of 1016?
2, 127
What are the prime factors of 384?
2, 3
What are the prime factors of 1274?
2, 7, 13
List the prime factors of 887.
887
List the prime factors of 4068.
2, 3, 113
What are the prime factors of 51050?
2, 5, 1021
List the prime factors of 4054.
2, 2027
What are the prime factors of 2463?
3, 821
List the prime factors of 56313.
3, 6257
What are the prime factors of 9226?
2, 7, 659
What are the prime factors of 33946?
2, 11, 1543
List the prime factors of 31957.
31957
What are the prime factors of 9588?
2, 3, 17, 47
What are the prime factors of 7274?
2, 3637
What are the prime factors of 1616?
2, 101
What are the prime factors of 3250?
2, 5, 13
What are the prime factors of 160853?
7, 11, 2089
What are the prime factors of 1530?
2, 3, 5, 17
List the prime factors of 12260.
2, 5, 613
What are the prime factors of 1781?
13, 137
What are the prime factors of 906?
2, 3, 151
What are the prime factors of 899?
29, 31
What are the prime factors of 6615?
3, 5, 7
List the prime factors of 53061.
3, 23, 769
What are the prime factors of 34618?
2, 19, 911
List the prime factors of 634.
2, 317
List the prime factors of 142898.
2, 7, 59, 173
List the prime factors of 335.
5, 67
What are the prime factors of 122856?
2, 3, 5119
List the prime factors of 4568.
2, 571
List the prime factors of 13823.
23, 601
List the prime factors of 22365.
3, 5, 7, 71
What are the prime factors of 744?
2, 3, 31
What are the prime factors of 531?
3, 59
What are the prime factors of 1707?
3, 569
What are the prime factors of 1497?
3, 499
What are the prime factors of 18116?
2, 7, 647
List the prime factors of 1574.
2, 787
List the prime factors of 4724.
2, 1181
List the prime factors of 2348.
2, 587
What are the prime factors of 164187?
3, 2027
List the prime factors of 26800.
2, 5, 67
List the prime factors of 13974.
2, 3, 17, 137
What are the prime factors of 58174?
2, 17, 29, 59
List the prime factors of 9066.
2, 3, 1511
What are the prime factors of 27943?
27943
List the prime factors of 43361.
131, 331
List the prime factors of 115819.
11, 10529
List the prime factors of 5012.
2, 7, 179
List the prime factors of 607.
607
List the prime factors of 20770.
2, 5, 31, 67
List the prime factors of 722.
2, 19
What are the prime factors of 9536?
2, 149
What are the prime factors of 2526?
2, 3, 421
List the prime factors of 3434.
2, 17, 101
List the prime factors of 53692.
2, 31, 433
List the prime factors of 4101.
3, 1367
What are the prime factors of 69574?
2, 43, 809
List the prime factors of 10993.
10993
List the prime factors of 92957.
92957
What are the prime factors of 465?
3, 5, 31
What are the prime factors of 73452?
2, 3, 6121
What are the prime factors of 6769?
7, 967
List the prime factors of 278.
2, 139
List the prime factors of 1967.
7, 281
What are the prime factors of 4730?
2, 5, 11, 43
List the prime factors of 7621.
7621
List the prime factors of 12175.
5, 487
What